{"id":2243,"date":"2023-08-14T22:16:02","date_gmt":"2023-08-14T22:16:02","guid":{"rendered":"https:\/\/maquinher.com\/php\/?page_id=2243"},"modified":"2023-08-14T22:21:24","modified_gmt":"2023-08-14T22:21:24","slug":"politica-de-tratamiento-de-datos","status":"publish","type":"page","link":"https:\/\/maquinher.com\/php\/politica-de-tratamiento-de-datos\/","title":{"rendered":"Pol\u00edtica de tratamiento de datos"},"content":{"rendered":"<h3><strong>POL\u00cdTICA DE TRATAMIENTO DE INFORMACI\u00d3N OBJETIVO: <\/strong><\/h3>\n<p>Establecer los criterios para recolectar, usar, almacenar, transmitir, transferir y, en general, realizar el tratamiento de sus datos personales, en cumplimiento de las disposiciones de la Ley 1581 de 2012 y del Decreto 1377 de 2013, disposiciones que establecen y describen los mecanismos por medio de los cuales se debe garantizar el manejo adecuado y conforme a derecho, de los datos personales tratados por MAQUINAS Y HERRAMIENTAS S.A. , con NIT\u00a0 811002399-4 los cuales se encuentran en sus bases de datos, esto, con el fin de garantizarle a los titulares de los mismos un adecuado ejercicio de su derecho al H\u00e1beas Data.<\/p>\n<h4>ALCANCE:<\/h4>\n<p>Esta pol\u00edtica aplica para toda la informaci\u00f3n personal registrada en las bases de datos de MAQUINAS Y HERRAMIENTAS S.A., quien act\u00faa en calidad de responsable del tratamiento de los datos personales.<\/p>\n<h4>OBLIGACIONES:<\/h4>\n<p>Es importante tener presente que toda \u00e1rea, colaborador, empleado, proveedor y\/o contratista de MAQUINAS Y HERRAMIENTAS S.A., que por sus funciones est\u00e9 encargado del tratamiento de las bases de datos que contengan informaci\u00f3n personal, debe cumplir con lo dispuesto en la presente Pol\u00edtica de Tratamiento.<\/p>\n<h4>RESPONSABLE DEL TRATAMIENTO:<\/h4>\n<p>MAQUINAS Y HERRAMIENTAS S.A, es la responsable del tratamiento de los datos personales que reposen en sus bases de datos y archivos f\u00edsicos o digitales, se encuentra domiciliada en la ciudad de Medell\u00edn e identificada con el NIT: 811002399-4, cuyos datos de contacto son:<\/p>\n<ul>\n<li>Direcci\u00f3n Principal: Carrera 69 No 44B-15<\/li>\n<li>Tel\u00e9fono: (4) 4441144<\/li>\n<li>Correo electr\u00f3nico: maquinher@maquinher.com.co<\/li>\n<li>P\u00e1gina Web: <u>maquinher.com<\/u><\/li>\n<\/ul>\n<h3>TRATAMIENTO Y FINALIDAD DE DATOS PERSONALES Y SENSIBLES:<\/h3>\n<h4>TRATAMIENTO:<\/h4>\n<p>La informaci\u00f3n contenida en las bases de datos de MAQUINAS Y HERRAMIENTAS S.A., es sometida a distintas formas de tratamiento, tales como: recolecci\u00f3n, intercambio, actualizaci\u00f3n, procesamiento, reproducci\u00f3n, correcci\u00f3n, uso, organizaci\u00f3n, almacenamiento, circulaci\u00f3n o supresi\u00f3n, entre otras, todo lo anterior en cumplimiento de las finalidades y los objetivos establecidos en la presente Pol\u00edtica de Tratamiento de Datos Personales.<\/p>\n<p>La informaci\u00f3n referenciada, podr\u00e1 ser entregada, transmitida o transferida a entidades p\u00fablicas, socios comerciales, contratistas, empleados, afiliados, y\/o compa\u00f1\u00edas filiales, subsidiarias o vinculadas, \u00fanica y exclusivamente con el fin de cumplir con las finalidades de la base de datos correspondiente.<\/p>\n<p>Tambi\u00e9n podr\u00e1 ser transmitida o transferida a los titulares, sus causahabientes y representantes legales. En todo caso, la entrega, transmisi\u00f3n o transferencia se har\u00e1 previa suscripci\u00f3n de los compromisos que sean necesarios para salvaguardar la confidencialidad y privacidad de la informaci\u00f3n autorizada para tratar. A su vez, en cumplimiento de deberes legales, MAQUINAS Y HERRAMIENTAS S.A podr\u00e1 suministrar la informaci\u00f3n personal a entidades judiciales o administrativas.<\/p>\n<p>MAQUINAS Y HERRAMIENTAS S.A velar\u00e1 por el correcto uso de datos personales de menores de edad, garantizando que se cumpla con las exigencias legales aplicables y que todo tratamiento est\u00e9 previamente autorizado y se encuentre justificado en el inter\u00e9s superior de los menores.<\/p>\n<h4>FINALIDADES:<\/h4>\n<p>La informaci\u00f3n que reposa en las bases de datos de MAQUINAS Y HERRAMIENTAS S.A., tiene como finalidad permitir el adecuado desarrollo de su objeto social, y permitir el adecuado cumplimiento de los deberes que la ley le impone, principalmente en materia contable, fiscal, administrativa, operativa, societaria, laboral, contractual y comercial.<\/p>\n<p>La informaci\u00f3n sobre clientes, proveedores, socios y empleados, actuales o pasados, se guarda con el fin de facilitar, promover, permitir o mantener relaciones de car\u00e1cter laboral, civil y comercial.<\/p>\n<p><strong>MAQUINAS Y HERRAMIENTAS S.A<\/strong>, suprime los datos personales recaudados cuando hayan dejado de ser necesarios, pertinentes y adecuados para la finalidad y el prop\u00f3sito para el cual fueron recaudados.<\/p>\n<ol>\n<li>Efectuar las gestiones pertinentes para el desarrollo del objeto social de la compa\u00f1\u00eda en lo que tiene que ver con el cumplimiento del objeto del contrato celebrado con el Titular de la informaci\u00f3n.<\/li>\n<li>Realizar invitaciones a eventos y ofrecer nuevos productos y servicios.<\/li>\n<li>Gestionar tr\u00e1mites (solicitudes, quejas, reclamos).<\/li>\n<li>Efectuar encuestas de satisfacci\u00f3n respecto de los bienes y servicios ofrecidos por MAQUINAS Y HERRAMIENTAS S.A<\/li>\n<li>Suministrar informaci\u00f3n de contacto a la fuerza comercial y\/o red de distribuci\u00f3n, tele mercadeo, investigaci\u00f3n de mercados y cualquier tercero con el cual MAQUINAS Y HERRAMIENTAS S.A. tenga un v\u00ednculo contractual para el desarrollo de actividades de ese tipo (investigaci\u00f3n de mercados y tele mercadeo, etc) para la ejecuci\u00f3n de las mismas.<\/li>\n<li>Contactar al Titular a trav\u00e9s de medios telef\u00f3nicos para realizar encuestas, estudios y\/o confirmaci\u00f3n de datos personales necesarios para la ejecuci\u00f3n de una relaci\u00f3n contractual. Contactar al Titular a trav\u00e9s de medios electr\u00f3nicos \u2013 SMS o chat para el env\u00edo de noticias relacionadas con campa\u00f1as de fidelizaci\u00f3n o mejora de servicio.<\/li>\n<li>Contactar al Titular a trav\u00e9s de correo electr\u00f3nico para el env\u00edo de extractos, estados de cuenta o facturas en relaci\u00f3n con las obligaciones derivadas del contrato celebrado entre las partes.<\/li>\n<li>Dar cumplimiento a las obligaciones contra\u00eddas por MAQUINAS Y HERRAMIENTAS S.A. con el Titular de la Informaci\u00f3n, con relaci\u00f3n al pago de salarios, prestaciones sociales y dem\u00e1s retribuciones consagradas en el contrato de trabajo o seg\u00fan lo disponga la ley (en caso de que se trate de empleados de la organizaci\u00f3n).<\/li>\n<li>Ofrecer programas de bienestar corporativo y planificar actividades empresariales, para el titular y sus beneficiarios (hijos, c\u00f3nyuge, compa\u00f1ero permanente).<\/li>\n<li>Transferir datos personales fuera del pa\u00eds a la compa\u00f1\u00eda matriz de MAQUINAS Y HERRAMIENTAS S.A para cumplir con las regulaciones anti lavado de activos que le aplican.<\/li>\n<li>Transmitir los datos personales fuera del pa\u00eds a terceros con los cuales MAQUINAS Y HERRAMIENTAS S.A haya suscrito un contrato de procesamiento de datos y sea necesario entreg\u00e1rsela para el cumplimiento del objeto contractual.<\/li>\n<li>Prestar los servicios ofrecidos por MAQUINAS Y HERRAMIENTAS S.A y aceptados en el contrato suscrito.<\/li>\n<li>Suministrar la informaci\u00f3n a terceros con los cuales MAQUINAS Y HERRAMIENTAS S.A tenga relaci\u00f3n contractual y que sea necesario entreg\u00e1rsela para el cumplimiento del objeto contratado.<\/li>\n<\/ol>\n<h4>AUTORIZACI\u00d3N:<\/h4>\n<p>MAQUINAS Y HERRAMIENTAS S.A solicita autorizaci\u00f3n escrita y\/o virtual a todo proveedor, cliente, socio, empleado o colaborador del cual realice el tratamiento de datos personales, para que sus datos puedan ser tratados de conformidad con la finalidad establecida para cada caso, y en cumplimiento de las normas que regulan la materia, pero, principalmente, buscando la protecci\u00f3n y la garant\u00eda del derecho constitucional al Habeas Data.<\/p>\n<h4>DERECHOS DE LOS TITULARES:<\/h4>\n<p>Conforme se expone en el art. 8 de la Ley 1581 de 2012 el titular de los datos personales tendr\u00e1 los siguientes derechos:<\/p>\n<ol>\n<li>Conocer, actualizar y rectificar sus datos personales frente a los Responsables del Tratamiento o Encargados del Tratamiento. Este derecho se podr\u00e1 ejercer, entre otros frente a datos parciales, inexactos, incompletos, fraccionados, que induzcan a error, o aquellos cuyo Tratamiento est\u00e9 expresamente prohibido o no haya sido autorizado.<\/li>\n<li>Solicitar prueba de la autorizaci\u00f3n otorgada al responsable del Tratamiento salvo cuando expresamente se except\u00fae como requisito para el Tratamiento.<\/li>\n<li>Ser informado por el Responsable del Tratamiento o el Encargado del Tratamiento, previa solicitud, respecto del uso que les ha dado a sus datos personales.<\/li>\n<li>Presentar ante la Superintendencia de Industria y Comercio quejas por infracciones a lo dispuesto en la presente ley y las dem\u00e1s normas que la modifiquen, adicionen o complementen.<\/li>\n<li>Revocar la autorizaci\u00f3n y\/o solicitar la supresi\u00f3n del dato cuando en el Tratamiento no se respeten los principios, derechos y garant\u00edas constitucionales y legales. La revocatoria y\/o supresi\u00f3n proceder\u00e1 cuando la Superintendencia de Industria y Comercio haya determinado que en el Tratamiento el Responsable o Encargado han incurrido en conductas contrarias a esta ley y a la Constituci\u00f3n;<\/li>\n<li>Acceder en forma gratuita a sus datos personales que hayan sido objeto de Tratamiento.<\/li>\n<\/ol>\n<h4>PROCEDIMIENTO PARA LA PRESENTACI\u00d3N Y RESPUESTA DE CONSULTAS Y RECLAMOS:<\/h4>\n<p>El \u00e1rea de comunicaciones es la dependencia que tiene a cargo dar tr\u00e1mite a las solicitudes de los titulares para hacer efectivos sus derechos a trav\u00e9s de los diferentes medios:<\/p>\n<ul>\n<li>Direcci\u00f3n Principal: Carrera 69 No 44B-15<\/li>\n<li>Tel\u00e9fono: (4) 4441144<\/li>\n<li>Correo electr\u00f3nico: maquinher@maquinher.com.co<\/li>\n<li>P\u00e1gina Web: <u>maquinher.com<\/u><\/li>\n<\/ul>\n<h4>PROCEDIMIENTO PARA EL EJERCICIO DEL DERECHO DE HABEAS DATA<\/h4>\n<p>En cumplimiento de las normas sobre protecci\u00f3n de datos personales, MAQUINAS Y HERRAMIENTAS S.A<\/p>\n<p>Presenta el procedimiento y requisitos m\u00ednimos para el ejercicio de sus derechos:<\/p>\n<p>Para la radicaci\u00f3n y atenci\u00f3n de su solicitud le solicitamos suministrar la siguiente informaci\u00f3n<\/p>\n<ol>\n<li>Nombre completo y apellidos<\/li>\n<li>Datos de contacto (Direcci\u00f3n f\u00edsica y\/o electr\u00f3nica y tel\u00e9fonos de contacto),<\/li>\n<li>Medios para recibir respuesta a su solicitud,<\/li>\n<li>Motivo(s)\/hecho(s) que dan lugar al reclamo con una breve descripci\u00f3n del derecho que desea ejercer (conocer, actualizar, rectificar, solicitar prueba de la autorizaci\u00f3n otorgada, revocarla, suprimir, acceder a la informaci\u00f3n)<\/li>\n<li>Firma (si aplica) y n\u00famero de identificaci\u00f3n.<\/li>\n<\/ol>\n<p>El t\u00e9rmino m\u00e1ximo previsto por la ley para resolver su reclamaci\u00f3n es de quince (15) d\u00edas h\u00e1biles, contado a partir del d\u00eda siguiente a la fecha de su recibo. Cuando no fuere posible atender el reclamo dentro de dicho t\u00e9rmino, MAQUINAS Y HERRAMIENTAS S.A informar\u00e1 al interesado los motivos de la demora y la fecha en que se atender\u00e1 su reclamo, la cual en ning\u00fan caso podr\u00e1 superar los ocho (8) d\u00edas h\u00e1biles siguientes al vencimiento del primer t\u00e9rmino.<\/p>\n<p>Una vez cumplidos los t\u00e9rminos se\u00f1alados por la Ley 1581 de 2012 y las dem\u00e1s normas que la reglamenten o complementen, el Titular al que se deniegue, total o parcialmente, el ejercicio de los derechos de acceso, actualizaci\u00f3n, rectificaci\u00f3n, supresi\u00f3n y revocaci\u00f3n, podr\u00e1 poner su caso en conocimiento de la Superintendencia de Industria y Comercio \u2013Delegatura para la Protecci\u00f3n de Datos Personales-.<\/p>\n<h3>VIGENCIA:<\/h3>\n<p>La presente Pol\u00edtica para el Tratamiento de Datos Personales rige a partir del 15 de enero de 2023<\/p>\n<p>Las bases de datos en las que se registrar\u00e1n los datos personales tendr\u00e1n una vigencia igual al tiempo en que se mantenga y utilice la informaci\u00f3n para las finalidades descritas en esta pol\u00edtica.<\/p>\n<p>Una vez se cumpla(n) esa(s) finalidad(es) y siempre que no exista un deber legal o contractual de conservar su informaci\u00f3n, sus datos ser\u00e1n eliminados de nuestras bases de datos.<\/p>\n<p>Los datos personales proporcionados se conservar\u00e1n mientras no se solicite su supresi\u00f3n por el interesado y siempre que no exista un deber legal de conservarlos.<\/p>\n","protected":false},"excerpt":{"rendered":"<p>POL\u00cdTICA DE TRATAMIENTO DE INFORMACI\u00d3N OBJETIVO: <br \/>\nEstablecer los criterios para recolectar, usar, almacenar, transmitir, <\/p>\n","protected":false},"author":1,"featured_media":0,"parent":0,"menu_order":0,"comment_status":"closed","ping_status":"closed","template":"","meta":{"_joinchat":[],"footnotes":""},"class_list":["post-2243","page","type-page","status-publish","hentry"],"_links":{"self":[{"href":"https:\/\/maquinher.com\/php\/wp-json\/wp\/v2\/pages\/2243","targetHints":{"allow":["GET"]}}],"collection":[{"href":"https:\/\/maquinher.com\/php\/wp-json\/wp\/v2\/pages"}],"about":[{"href":"https:\/\/maquinher.com\/php\/wp-json\/wp\/v2\/types\/page"}],"author":[{"embeddable":true,"href":"https:\/\/maquinher.com\/php\/wp-json\/wp\/v2\/users\/1"}],"replies":[{"embeddable":true,"href":"https:\/\/maquinher.com\/php\/wp-json\/wp\/v2\/comments?post=2243"}],"version-history":[{"count":8,"href":"https:\/\/maquinher.com\/php\/wp-json\/wp\/v2\/pages\/2243\/revisions"}],"predecessor-version":[{"id":2252,"href":"https:\/\/maquinher.com\/php\/wp-json\/wp\/v2\/pages\/2243\/revisions\/2252"}],"wp:attachment":[{"href":"https:\/\/maquinher.com\/php\/wp-json\/wp\/v2\/media?parent=2243"}],"curies":[{"name":"wp","href":"https:\/\/api.w.org\/{rel}","templated":true}]}}